{"id":1405,"date":"2023-11-04T09:33:20","date_gmt":"2023-11-04T08:33:20","guid":{"rendered":"https:\/\/aebmotors.aeb-developpement.com\/?post_type=product&#038;p=1405"},"modified":"2023-11-04T09:40:34","modified_gmt":"2023-11-04T08:40:34","slug":"mxe-300","status":"publish","type":"product","link":"https:\/\/aebmotors.aeb-developpement.com\/index.php\/produit\/mxe-300\/","title":{"rendered":"MXE 300"},"content":{"rendered":"<p><span>Le 2 temps le plus abordable et le plus performant de sa cat\u00e9gorie !\u00a0Des performances simples et fiables sont la cl\u00e9 du jeu lorsqu&rsquo;il s&rsquo;agit du MXE 300. \u00c9quip\u00e9es d&rsquo;une transmission fluide \u00e0 six vitesses et d&rsquo;un d\u00e9marreur \u00e9lectrique mont\u00e9 en bas, les motos mxe 300R Enduro sont pr\u00eates \u00e0 d\u00e9chirer ! Aucun autre v\u00e9lo sur le march\u00e9 n&rsquo;offre les performances, la valeur et les caract\u00e9ristiques du TSE 300R de GPX Moto !\u00a0Consultez un concessionnaire pr\u00e8s de chez vous ou organisez un essai routier lors de l&rsquo;un de nos \u00e9v\u00e9nements.<\/span><\/p>\n<ul>\n<li><span>\u00c9chappement performant<\/span><\/li>\n<li><span>Sous-ch\u00e2ssis en alliage<\/span><\/li>\n<li><span>Batterie au lithium<\/span><\/li>\n<li><span>Cha\u00eene \u00e0 joint torique<\/span><\/li>\n<li><span>m\u00e9lange separ\u00e9<\/span><\/li>\n<li><span>Nouvelle carrosserie et bo\u00eete \u00e0 air pour une meilleure circulation de l&rsquo;air<\/span><\/li>\n<li><span>Carburateur 41mm type tmx<\/span><\/li>\n<li><span>Filtre \u00e0 air de style gaufr\u00e9<\/span><\/li>\n<li><span>R\u00e9servoir de carburant de 10l<\/span><\/li>\n<li><span>Moteur 2 temps de 300 cm3 avec d\u00e9marreur \u00e9lectrique<\/span><\/li>\n<li><span>boite a vitesses a six rapport<\/span><\/li>\n<li><span>t\u00e9 de fourche CNC<\/span><\/li>\n<li><span>Compteur de vitesse<\/span><\/li>\n<li><span>Cadre poutre central central l\u00e9ger en chroma grade \u00ab A \u00bb<\/span><\/li>\n<li><span>Protections de cadre et graphiques robustes de 3M<\/span><\/li>\n<li><span>Roues Enduro s\u00e9rie X<\/span><\/li>\n<li><span>Rebond, r\u00e9glage de la compression, suspension avant et arri\u00e8re SANS biellette<\/span><\/li>\n<li><span>Kit de phares, feux arri\u00e8re et plaque d&rsquo;immatriculation de course inclus<\/span><\/li>\n<\/ul>\n","protected":false},"excerpt":{"rendered":"<p>Le moteur 2 temps le plus abordable et le plus performant de sa cat\u00e9gorie ! Des performances simples et fiables. \u00c9quip\u00e9es d\u2019une boite \u00e0 six vitesses et d\u2019un d\u00e9marreur \u00e9lectrique .<\/p>\n<p>aucune moto du march\u00e9 n\u2019offre ce niveau de qualit\u00e9 prix !<\/p>\n","protected":false},"featured_media":863,"comment_status":"open","ping_status":"closed","template":"","meta":{"site-sidebar-layout":"default","site-content-layout":"","ast-site-content-layout":"","site-content-style":"default","site-sidebar-style":"default","ast-global-header-display":"","ast-banner-title-visibility":"","ast-main-header-display":"","ast-hfb-above-header-display":"","ast-hfb-below-header-display":"","ast-hfb-mobile-header-display":"","site-post-title":"","ast-breadcrumbs-content":"","ast-featured-img":"","footer-sml-layout":"","theme-transparent-header-meta":"","adv-header-id-meta":"","stick-header-meta":"","header-above-stick-meta":"","header-main-stick-meta":"","header-below-stick-meta":"","astra-migrate-meta-layouts":"default","ast-page-background-enabled":"default","ast-page-background-meta":{"desktop":{"background-color":"var(--ast-global-color-4)","background-image":"","background-repeat":"repeat","background-position":"center center","background-size":"auto","background-attachment":"scroll","background-type":"","background-media":"","overlay-type":"","overlay-color":"","overlay-gradient":""},"tablet":{"background-color":"","background-image":"","background-repeat":"repeat","background-position":"center center","background-size":"auto","background-attachment":"scroll","background-type":"","background-media":"","overlay-type":"","overlay-color":"","overlay-gradient":""},"mobile":{"background-color":"","background-image":"","background-repeat":"repeat","background-position":"center center","background-size":"auto","background-attachment":"scroll","background-type":"","background-media":"","overlay-type":"","overlay-color":"","overlay-gradient":""}},"ast-content-background-meta":{"desktop":{"background-color":"var(--ast-global-color-5)","background-image":"","background-repeat":"repeat","background-position":"center center","background-size":"auto","background-attachment":"scroll","background-type":"","background-media":"","overlay-type":"","overlay-color":"","overlay-gradient":""},"tablet":{"background-color":"var(--ast-global-color-5)","background-image":"","background-repeat":"repeat","background-position":"center center","background-size":"auto","background-attachment":"scroll","background-type":"","background-media":"","overlay-type":"","overlay-color":"","overlay-gradient":""},"mobile":{"background-color":"var(--ast-global-color-5)","background-image":"","background-repeat":"repeat","background-position":"center center","background-size":"auto","background-attachment":"scroll","background-type":"","background-media":"","overlay-type":"","overlay-color":"","overlay-gradient":""}},"jetpack_publicize_message":"","jetpack_publicize_feature_enabled":true,"jetpack_social_post_already_shared":true,"jetpack_social_options":{"image_generator_settings":{"template":"highway","enabled":false},"version":2}},"product_brand":[],"product_cat":[15],"product_tag":[],"class_list":{"0":"post-1405","1":"product","2":"type-product","3":"status-publish","4":"has-post-thumbnail","6":"product_cat-non-classe","7":"desktop-align-left","8":"tablet-align-left","9":"mobile-align-left","11":"first","12":"instock","13":"taxable","14":"shipping-taxable","15":"purchasable","16":"product-type-simple"},"jetpack_publicize_connections":[],"yoast_head":"<!-- This site is optimized with the Yoast SEO plugin v24.3 - https:\/\/yoast.com\/wordpress\/plugins\/seo\/ -->\n<title>MXE 300 - MXE 250<\/title>\n<meta name=\"robots\" content=\"index, follow, max-snippet:-1, max-image-preview:large, max-video-preview:-1\" \/>\n<link rel=\"canonical\" href=\"https:\/\/aebmotors.aeb-developpement.com\/index.php\/produit\/mxe-300\/\" \/>\n<meta property=\"og:locale\" content=\"fr_FR\" \/>\n<meta property=\"og:type\" content=\"article\" \/>\n<meta property=\"og:title\" content=\"MXE 300 - MXE 250\" \/>\n<meta property=\"og:description\" content=\"Le moteur 2 temps le plus abordable et le plus performant de sa cat\u00e9gorie ! Des performances simples et fiables. \u00c9quip\u00e9es d\u2019une boite \u00e0 six vitesses et d\u2019un d\u00e9marreur \u00e9lectrique .  aucune moto du march\u00e9 n\u2019offre ce niveau de qualit\u00e9 prix !\" \/>\n<meta property=\"og:url\" content=\"https:\/\/aebmotors.aeb-developpement.com\/index.php\/produit\/mxe-300\/\" \/>\n<meta property=\"og:site_name\" content=\"MXE 250\" \/>\n<meta property=\"article:publisher\" content=\"https:\/\/www.facebook.com\/aebdevelop\/\" \/>\n<meta property=\"article:modified_time\" content=\"2023-11-04T08:40:34+00:00\" \/>\n<meta property=\"og:image\" content=\"https:\/\/aebmotors.aeb-developpement.com\/wp-content\/uploads\/2022\/10\/IMG20221018102059-scaled.jpg\" \/>\n\t<meta property=\"og:image:width\" content=\"2560\" \/>\n\t<meta property=\"og:image:height\" content=\"1920\" \/>\n\t<meta property=\"og:image:type\" content=\"image\/jpeg\" \/>\n<meta name=\"twitter:card\" content=\"summary_large_image\" \/>\n<meta name=\"twitter:label1\" content=\"Dur\u00e9e de lecture estim\u00e9e\" \/>\n\t<meta name=\"twitter:data1\" content=\"1 minute\" \/>\n<script type=\"application\/ld+json\" class=\"yoast-schema-graph\">{\"@context\":\"https:\/\/schema.org\",\"@graph\":[{\"@type\":\"WebPage\",\"@id\":\"https:\/\/aebmotors.aeb-developpement.com\/index.php\/produit\/mxe-300\/\",\"url\":\"https:\/\/aebmotors.aeb-developpement.com\/index.php\/produit\/mxe-300\/\",\"name\":\"MXE 300 - MXE 250\",\"isPartOf\":{\"@id\":\"https:\/\/aebmotors.aeb-developpement.com\/#website\"},\"primaryImageOfPage\":{\"@id\":\"https:\/\/aebmotors.aeb-developpement.com\/index.php\/produit\/mxe-300\/#primaryimage\"},\"image\":{\"@id\":\"https:\/\/aebmotors.aeb-developpement.com\/index.php\/produit\/mxe-300\/#primaryimage\"},\"thumbnailUrl\":\"https:\/\/i0.wp.com\/aebmotors.aeb-developpement.com\/wp-content\/uploads\/2022\/10\/IMG20221018102059-scaled.jpg?fit=2560%2C1920&ssl=1\",\"datePublished\":\"2023-11-04T08:33:20+00:00\",\"dateModified\":\"2023-11-04T08:40:34+00:00\",\"breadcrumb\":{\"@id\":\"https:\/\/aebmotors.aeb-developpement.com\/index.php\/produit\/mxe-300\/#breadcrumb\"},\"inLanguage\":\"fr-FR\",\"potentialAction\":[{\"@type\":\"ReadAction\",\"target\":[\"https:\/\/aebmotors.aeb-developpement.com\/index.php\/produit\/mxe-300\/\"]}]},{\"@type\":\"ImageObject\",\"inLanguage\":\"fr-FR\",\"@id\":\"https:\/\/aebmotors.aeb-developpement.com\/index.php\/produit\/mxe-300\/#primaryimage\",\"url\":\"https:\/\/i0.wp.com\/aebmotors.aeb-developpement.com\/wp-content\/uploads\/2022\/10\/IMG20221018102059-scaled.jpg?fit=2560%2C1920&ssl=1\",\"contentUrl\":\"https:\/\/i0.wp.com\/aebmotors.aeb-developpement.com\/wp-content\/uploads\/2022\/10\/IMG20221018102059-scaled.jpg?fit=2560%2C1920&ssl=1\",\"width\":2560,\"height\":1920},{\"@type\":\"BreadcrumbList\",\"@id\":\"https:\/\/aebmotors.aeb-developpement.com\/index.php\/produit\/mxe-300\/#breadcrumb\",\"itemListElement\":[{\"@type\":\"ListItem\",\"position\":1,\"name\":\"Accueil\",\"item\":\"https:\/\/aebmotors.aeb-developpement.com\/\"},{\"@type\":\"ListItem\",\"position\":2,\"name\":\"Pr\u00e9 commande MXE 250\",\"item\":\"https:\/\/aebmotors.aeb-developpement.com\/index.php\/privacy-policy-2\/\"},{\"@type\":\"ListItem\",\"position\":3,\"name\":\"MXE 300\"}]},{\"@type\":\"WebSite\",\"@id\":\"https:\/\/aebmotors.aeb-developpement.com\/#website\",\"url\":\"https:\/\/aebmotors.aeb-developpement.com\/\",\"name\":\"aeb moto\",\"description\":\"aeb moto\",\"publisher\":{\"@id\":\"https:\/\/aebmotors.aeb-developpement.com\/#organization\"},\"potentialAction\":[{\"@type\":\"SearchAction\",\"target\":{\"@type\":\"EntryPoint\",\"urlTemplate\":\"https:\/\/aebmotors.aeb-developpement.com\/?s={search_term_string}\"},\"query-input\":{\"@type\":\"PropertyValueSpecification\",\"valueRequired\":true,\"valueName\":\"search_term_string\"}}],\"inLanguage\":\"fr-FR\"},{\"@type\":\"Organization\",\"@id\":\"https:\/\/aebmotors.aeb-developpement.com\/#organization\",\"name\":\"aeb moto\",\"url\":\"https:\/\/aebmotors.aeb-developpement.com\/\",\"logo\":{\"@type\":\"ImageObject\",\"inLanguage\":\"fr-FR\",\"@id\":\"https:\/\/aebmotors.aeb-developpement.com\/#\/schema\/logo\/image\/\",\"url\":\"https:\/\/i0.wp.com\/aebmotors.aeb-developpement.com\/wp-content\/uploads\/2023\/01\/AEB-premium-quality-e1673735224363.png?fit=353%2C87&ssl=1\",\"contentUrl\":\"https:\/\/i0.wp.com\/aebmotors.aeb-developpement.com\/wp-content\/uploads\/2023\/01\/AEB-premium-quality-e1673735224363.png?fit=353%2C87&ssl=1\",\"width\":353,\"height\":87,\"caption\":\"aeb moto\"},\"image\":{\"@id\":\"https:\/\/aebmotors.aeb-developpement.com\/#\/schema\/logo\/image\/\"},\"sameAs\":[\"https:\/\/www.facebook.com\/aebdevelop\/\"]}]}<\/script>\n<!-- \/ Yoast SEO plugin. -->","yoast_head_json":{"title":"MXE 300 - MXE 250","robots":{"index":"index","follow":"follow","max-snippet":"max-snippet:-1","max-image-preview":"max-image-preview:large","max-video-preview":"max-video-preview:-1"},"canonical":"https:\/\/aebmotors.aeb-developpement.com\/index.php\/produit\/mxe-300\/","og_locale":"fr_FR","og_type":"article","og_title":"MXE 300 - MXE 250","og_description":"Le moteur 2 temps le plus abordable et le plus performant de sa cat\u00e9gorie ! Des performances simples et fiables. \u00c9quip\u00e9es d\u2019une boite \u00e0 six vitesses et d\u2019un d\u00e9marreur \u00e9lectrique .  aucune moto du march\u00e9 n\u2019offre ce niveau de qualit\u00e9 prix !","og_url":"https:\/\/aebmotors.aeb-developpement.com\/index.php\/produit\/mxe-300\/","og_site_name":"MXE 250","article_publisher":"https:\/\/www.facebook.com\/aebdevelop\/","article_modified_time":"2023-11-04T08:40:34+00:00","og_image":[{"width":2560,"height":1920,"url":"https:\/\/aebmotors.aeb-developpement.com\/wp-content\/uploads\/2022\/10\/IMG20221018102059-scaled.jpg","type":"image\/jpeg"}],"twitter_card":"summary_large_image","twitter_misc":{"Dur\u00e9e de lecture estim\u00e9e":"1 minute"},"schema":{"@context":"https:\/\/schema.org","@graph":[{"@type":"WebPage","@id":"https:\/\/aebmotors.aeb-developpement.com\/index.php\/produit\/mxe-300\/","url":"https:\/\/aebmotors.aeb-developpement.com\/index.php\/produit\/mxe-300\/","name":"MXE 300 - MXE 250","isPartOf":{"@id":"https:\/\/aebmotors.aeb-developpement.com\/#website"},"primaryImageOfPage":{"@id":"https:\/\/aebmotors.aeb-developpement.com\/index.php\/produit\/mxe-300\/#primaryimage"},"image":{"@id":"https:\/\/aebmotors.aeb-developpement.com\/index.php\/produit\/mxe-300\/#primaryimage"},"thumbnailUrl":"https:\/\/i0.wp.com\/aebmotors.aeb-developpement.com\/wp-content\/uploads\/2022\/10\/IMG20221018102059-scaled.jpg?fit=2560%2C1920&ssl=1","datePublished":"2023-11-04T08:33:20+00:00","dateModified":"2023-11-04T08:40:34+00:00","breadcrumb":{"@id":"https:\/\/aebmotors.aeb-developpement.com\/index.php\/produit\/mxe-300\/#breadcrumb"},"inLanguage":"fr-FR","potentialAction":[{"@type":"ReadAction","target":["https:\/\/aebmotors.aeb-developpement.com\/index.php\/produit\/mxe-300\/"]}]},{"@type":"ImageObject","inLanguage":"fr-FR","@id":"https:\/\/aebmotors.aeb-developpement.com\/index.php\/produit\/mxe-300\/#primaryimage","url":"https:\/\/i0.wp.com\/aebmotors.aeb-developpement.com\/wp-content\/uploads\/2022\/10\/IMG20221018102059-scaled.jpg?fit=2560%2C1920&ssl=1","contentUrl":"https:\/\/i0.wp.com\/aebmotors.aeb-developpement.com\/wp-content\/uploads\/2022\/10\/IMG20221018102059-scaled.jpg?fit=2560%2C1920&ssl=1","width":2560,"height":1920},{"@type":"BreadcrumbList","@id":"https:\/\/aebmotors.aeb-developpement.com\/index.php\/produit\/mxe-300\/#breadcrumb","itemListElement":[{"@type":"ListItem","position":1,"name":"Accueil","item":"https:\/\/aebmotors.aeb-developpement.com\/"},{"@type":"ListItem","position":2,"name":"Pr\u00e9 commande MXE 250","item":"https:\/\/aebmotors.aeb-developpement.com\/index.php\/privacy-policy-2\/"},{"@type":"ListItem","position":3,"name":"MXE 300"}]},{"@type":"WebSite","@id":"https:\/\/aebmotors.aeb-developpement.com\/#website","url":"https:\/\/aebmotors.aeb-developpement.com\/","name":"aeb moto","description":"aeb moto","publisher":{"@id":"https:\/\/aebmotors.aeb-developpement.com\/#organization"},"potentialAction":[{"@type":"SearchAction","target":{"@type":"EntryPoint","urlTemplate":"https:\/\/aebmotors.aeb-developpement.com\/?s={search_term_string}"},"query-input":{"@type":"PropertyValueSpecification","valueRequired":true,"valueName":"search_term_string"}}],"inLanguage":"fr-FR"},{"@type":"Organization","@id":"https:\/\/aebmotors.aeb-developpement.com\/#organization","name":"aeb moto","url":"https:\/\/aebmotors.aeb-developpement.com\/","logo":{"@type":"ImageObject","inLanguage":"fr-FR","@id":"https:\/\/aebmotors.aeb-developpement.com\/#\/schema\/logo\/image\/","url":"https:\/\/i0.wp.com\/aebmotors.aeb-developpement.com\/wp-content\/uploads\/2023\/01\/AEB-premium-quality-e1673735224363.png?fit=353%2C87&ssl=1","contentUrl":"https:\/\/i0.wp.com\/aebmotors.aeb-developpement.com\/wp-content\/uploads\/2023\/01\/AEB-premium-quality-e1673735224363.png?fit=353%2C87&ssl=1","width":353,"height":87,"caption":"aeb moto"},"image":{"@id":"https:\/\/aebmotors.aeb-developpement.com\/#\/schema\/logo\/image\/"},"sameAs":["https:\/\/www.facebook.com\/aebdevelop\/"]}]}},"jetpack_sharing_enabled":true,"jetpack_likes_enabled":true,"jetpack-related-posts":[],"_links":{"self":[{"href":"https:\/\/aebmotors.aeb-developpement.com\/index.php\/wp-json\/wp\/v2\/product\/1405","targetHints":{"allow":["GET"]}}],"collection":[{"href":"https:\/\/aebmotors.aeb-developpement.com\/index.php\/wp-json\/wp\/v2\/product"}],"about":[{"href":"https:\/\/aebmotors.aeb-developpement.com\/index.php\/wp-json\/wp\/v2\/types\/product"}],"replies":[{"embeddable":true,"href":"https:\/\/aebmotors.aeb-developpement.com\/index.php\/wp-json\/wp\/v2\/comments?post=1405"}],"wp:featuredmedia":[{"embeddable":true,"href":"https:\/\/aebmotors.aeb-developpement.com\/index.php\/wp-json\/wp\/v2\/media\/863"}],"wp:attachment":[{"href":"https:\/\/aebmotors.aeb-developpement.com\/index.php\/wp-json\/wp\/v2\/media?parent=1405"}],"wp:term":[{"taxonomy":"product_brand","embeddable":true,"href":"https:\/\/aebmotors.aeb-developpement.com\/index.php\/wp-json\/wp\/v2\/product_brand?post=1405"},{"taxonomy":"product_cat","embeddable":true,"href":"https:\/\/aebmotors.aeb-developpement.com\/index.php\/wp-json\/wp\/v2\/product_cat?post=1405"},{"taxonomy":"product_tag","embeddable":true,"href":"https:\/\/aebmotors.aeb-developpement.com\/index.php\/wp-json\/wp\/v2\/product_tag?post=1405"}],"curies":[{"name":"wp","href":"https:\/\/api.w.org\/{rel}","templated":true}]}}